5, 19, 80923
List the prime factors of 2002342029.
3, 1201, 555743
List the prime factors of 3251836851.
3, 1083945617
What are the prime factors of 561392906?
2, 59, 4757567
What are the prime factors of 233759375?
5, 19, 31, 127
List the prime factors of 2942477357.
73, 40307909
What are the prime factors of 88248111?
3, 7, 577, 7283
What are the prime factors of 179202846?
2, 3, 29867141
List the prime factors of 288349256.
2, 13, 53, 52313
What are the prime factors of 34620304?
2, 31, 223, 313
List the prime factors of 1984887746.
2, 992443873
What are the prime factors of 2664376561?
7, 11, 17, 31, 47, 127
List the prime factors of 189801442.
2, 139, 682739
List the prime factors of 987171326.
2, 313, 1576951
What are the prime factors of 4343807995?
5, 868761599
What are the prime factors of 1031994038?
2, 23, 2029, 11057
What are the prime factors of 1290289144?
2, 23, 113, 62057
List the prime factors of 293159117.
14891, 19687
List the prime factors of 865426751.
7, 79, 547, 2861
List the prime factors of 153173061.
3, 1597, 10657
List the prime factors of 107163719.
13, 8243363
What are the prime factors of 529911304?
2, 13, 1699, 2999
List the prime factors of 1290940915.
5, 11, 37, 83, 7643
What are the prime factors of 9361931?
9361931
What are the prime factors of 5142174310?
2, 5, 7, 13, 5650741
What are the prime factors of 16668516?
2, 3, 137, 10139
What are the prime factors of 505385822?
2, 252692911
What are the prime factors of 731028031?
971, 752861
List the prime factors of 772702482.
2, 3, 41, 3141067
What are the prime factors of 63493982?
2, 2273, 13967
List the prime factors of 893305384.
2, 111663173
What are the prime factors of 101249767?
101249767
What are the prime factors of 458367591?
3, 11, 29, 478963
List the prime factors of 808329157.
509, 1588073
What are the prime factors of 41067560?
2, 5, 31, 33119
List the prime factors of 2345576521.
29, 751, 107699
List the prime factors of 63961050.
2, 3, 5, 426407
List the prime factors of 90264464.
2, 5641529
List the prime factors of 191802429.
3, 7, 13, 234191
What are the prime factors of 1120277533?
1847, 606539
What are the prime factors of 485306885?
5, 7, 13865911
List the prime factors of 500093749.
500093749
What are the prime factors of 250974411?
3, 599, 139663
What are the prime factors of 1140760447?
373, 3058339
List the prime factors of 3365057008.
2, 210316063
List the prime factors of 86378498.
2, 37, 1167277
What are the prime factors of 181871943?
3, 11, 5511271
List the prime factors of 4679610225.
3, 5, 19, 47, 107, 653
List the prime factors of 4345121.
11, 101, 3911
List the prime factors of 1809582654.
2, 3, 11, 31, 647, 1367
List the prime factors of 112795466.
2, 7, 61, 269, 491
What are the prime factors of 67670631?
3, 7, 241, 4457
What are the prime factors of 31621525?
5, 13, 149, 653
List the prime factors of 5720685472.
2, 178771421
List the prime factors of 139525645.
5, 7, 19, 209813
What are the prime factors of 32158271?
17, 1891663
List the prime factors of 106796817.
3, 11866313
List the prime factors of 18706301.
18706301
What are the prime factors of 1695660447?
3, 13, 5281, 8233
List the prime factors of 371318833.
16987, 21859
What are the prime factors of 1308787019?
1308787019
What are the prime factors of 43401251?
43401251
What are the prime factors of 52890045?
3, 5, 13, 271231
List the prime factors of 254151346.
2, 1993, 63761
What are the prime factors of 1928163010?
2, 5, 192816301
List the prime factors of 855395429.
7, 122199347
What are the prime factors of 38052659?
101, 376759
List the prime factors of 48688417.
48688417
What are the prime factors of 188213501?
7, 191, 140773
What are the prime factors of 38972095?
5, 701, 11119
What are the prime factors of 853197800?
2, 5, 7, 13, 37, 181
What are the prime factors of 76413591?
3, 2830133
List the prime factors of 29860111.
29, 431, 2389
List the prime factors of 2760674282.
2, 53, 26044097
List the prime factors of 122741674.
2, 11, 507197
What are the prime factors of 219499083?
3, 24388787
List the prime factors of 76563153.
3, 8507017
What are the prime factors of 1800583149?
3, 600194383
What are the prime factors of 106268804?
2, 4519, 5879
List the prime factors of 167144484.
2, 3, 13, 1071439
List the prime factors of 36159556.
2, 317, 28517
List the prime factors of 8610269.
8610269
What are the prime factors of 307534626?
2, 3, 7, 2440751
List the prime factors of 1065994773.
3, 2621, 135571
List the prime factors of 1014804581.
7, 149, 972967
What are the prime factors of 122944633?
7, 367, 47857
List the prime factors of 398523413.
1657, 240509
What are the prime factors of 115546890?
2, 3, 5, 53, 72671
List the prime factors of 2248844848.
2, 1039, 135277
What are the prime factors of 3150038374?
2, 7, 233, 965677
List the prime factors of 558230247.
3, 97, 639439
What are the prime factors of 1723668?
2, 3, 239, 601
What are the prime factors of 88900763?
7, 12700109
What are the prime factors of 994694136?
2, 3, 41445589
What are the prime factors of 79601459?
7, 23, 31, 41, 389
What are the prime factors of 1410967935?
3, 5, 13, 163, 14797
List the prime factors of 2281565089.
41, 4507, 12347
What are the prime factors of 633547509?
3, 7, 43, 73, 1373
List the prime factors of 650388658.
2, 19, 41, 417451
What are the prime factors of 56159583?
3, 23, 813907
What are the prime factors of 48120196?
2, 12030049
List the prime factors of 13223088.
2, 3, 19, 179
What are the prime factors of 3036514916?
2, 759128729
List the prime factors of 128081046.
2, 3, 443, 48187
List the prime factors of 2071326619.
21529, 96211
What are the prime factors of 101502262?
2, 29, 521, 3359
List the prime factors of 98552896.
2, 13, 118453
What are the prime factors of 1575515081?
7, 32153369
List the prime factors of 39856409.
3931, 10139
What are the prime factors of 1451609437?
43, 79, 331, 1291
List the prime factors of 98673348.
2, 3, 8222779
List the prime factors of 2696049551.
13, 207388427
List the prime factors of 609118432.
2, 13, 17, 86131
What are the prime factors of 1280732968?
2, 7741, 20681
What are the prime factors of 1024498555?
5, 204899711
List the prime factors of 581713880.
2, 5, 11, 19, 149, 467
What are the prime factors of 45312099?
3, 7, 719, 3001
List the prime factors of 344963108.
2, 7, 23, 449, 1193
List the prime factors of 7718408255.
5, 17, 761, 7019
What are the prime factors of 458783532?
2, 3, 1657, 7691
What are the prime factors of 43841478?
2, 3, 97, 75329
What are the prime factors of 535334474?
2, 31, 8634427
List the prime factors of 436330539.
3, 23, 2107877
What are the prime factors of 393816952?
2, 19, 1151, 2251
List the prime factors of 1286867440.
2, 5, 16085843
What are the prime factors of 2861425777?
7, 8039, 50849
List the prime factors of 233836116.
2, 3, 19, 59, 17383
List the prime factors of 1890420743.
41, 46107823
List the prime factors of 37570526.
2, 7, 2683609
What are the prime factors of 23056366?
2, 11528183
List the prime factors of 118857819.
3, 1229, 32237
What are the prime factors of 81156414?
2, 3, 13526069
What are the prime factors of 2000924364?
2, 3, 166743697
List the prime factors of 261035045.
5, 1601, 32609
What are the prime factors of 2188597476?
2, 3, 13, 17, 23, 53, 677
List the prime factors of 250982655.
3, 5, 7, 11, 37, 839
List the prime factors of 2707675875.
3, 5, 41, 47, 1249
List the prime factors of 126433411.
13, 9725647
What are the prime factors of 752841658?
2, 23, 16366123
What are the prime factors of 37717171?
23, 37, 41, 47
List the prime factors of 7418604945.
3, 5, 251, 1970413
What are the prime factors of 1237492823?
7, 4013, 44053
What are the prime factors of 228333086?
2, 17, 6715679
List the prime factors of 689846419.
689846419
What are the prime factors of 414023997?
3, 138007999
What are the prime factors of 2833794441?
3, 314866049
List the prime factors of 593229827.
127, 4671101
What are the prime factors of 375100055?
5, 11, 6820001
List the prime factors of 1592304579.
3, 176922731
What are the prime factors of 76511318?
2, 13, 59, 49877
What are the prime factors of 2304467181?
3, 17, 31, 523, 929
List the prime factors of 164282668.
2, 